{"id":98,"date":"2025-05-30T00:31:44","date_gmt":"2025-05-29T22:31:44","guid":{"rendered":"https:\/\/pogrywamy.com\/?page_id=98"},"modified":"2025-06-05T22:47:05","modified_gmt":"2025-06-05T20:47:05","slug":"gry-crpg","status":"publish","type":"page","link":"https:\/\/pogrywamy.com\/index.php\/gry-crpg\/","title":{"rendered":"Gry cRPG"},"content":{"rendered":"\n<p>Gry cRPG (computer role-playing games) to komputerowe adaptacje klasycznych gier fabularnych (RPG), kt\u00f3re skupiaj\u0105 si\u0119 na narracji, rozwoju postaci oraz podejmowaniu decyzji maj\u0105cych wp\u0142yw na \u015bwiat gry. Gracz wciela si\u0119 zazwyczaj w bohatera lub dru\u017cyn\u0119 bohater\u00f3w, eksploruje rozbudowane lokacje, toczy taktyczne walki i bierze udzia\u0142 w g\u0142\u0119bokich, cz\u0119sto nieliniowych fabu\u0142ach.<br><\/p>\n\n\n\n<figure class=\"wp-block-gallery has-nested-images columns-default is-cropped wp-block-gallery-1 is-layout-flex wp-block-gallery-is-layout-flex\">\n<figure class=\"wp-block-image size-large\"><img loading=\"lazy\" decoding=\"async\" width=\"1024\" height=\"571\" data-id=\"104\" src=\"https:\/\/pogrywamy.com\/wp-content\/uploads\/2025\/05\/Gothic-2.jpg-1024x571.webp\" alt=\"\" class=\"wp-image-104\" srcset=\"https:\/\/pogrywamy.com\/wp-content\/uploads\/2025\/05\/Gothic-2.jpg-1024x571.webp 1024w, https:\/\/pogrywamy.com\/wp-content\/uploads\/2025\/05\/Gothic-2.jpg-300x167.webp 300w, https:\/\/pogrywamy.com\/wp-content\/uploads\/2025\/05\/Gothic-2.jpg-768x428.webp 768w, https:\/\/pogrywamy.com\/wp-content\/uploads\/2025\/05\/Gothic-2.jpg.webp 1280w\" sizes=\"auto, (max-width: 767px) 89vw, (max-width: 1000px) 54vw, (max-width: 1071px) 543px, 580px\" \/><\/figure>\n<\/figure>\n\n\n\n<p><strong>Recenzje<\/strong>:<\/p>\n\n\n\n<p><a href=\"https:\/\/pogrywamy.com\/index.php\/2025\/06\/05\/baldurs-gate-klasyk-crpg-ktory-wciaz-ma-dusze\/\">Baldur&#8217;s Gate<\/a><br><a href=\"https:\/\/pogrywamy.com\/index.php\/2025\/05\/18\/the-elder-scrolls-iii-morrowind\/\">Morrowind<\/a><\/p>\n\n\n\n<p><\/p>\n","protected":false},"excerpt":{"rendered":"<p>Gry cRPG (computer role-playing games) to komputerowe adaptacje klasycznych gier fabularnych (RPG), kt\u00f3re skupiaj\u0105 si\u0119 na narracji, rozwoju postaci oraz podejmowaniu decyzji maj\u0105cych wp\u0142yw na \u015bwiat gry. Gracz wciela si\u0119 zazwyczaj w bohatera lub dru\u017cyn\u0119 bohater\u00f3w, eksploruje rozbudowane lokacje, toczy taktyczne walki i bierze udzia\u0142 w g\u0142\u0119bokich, cz\u0119sto nieliniowych fabu\u0142ach. Recenzje: Baldur&#8217;s GateMorrowind<\/p>\n","protected":false},"author":2,"featured_media":0,"parent":0,"menu_order":0,"comment_status":"closed","ping_status":"closed","template":"","meta":{"footnotes":""},"class_list":["post-98","page","type-page","status-publish","hentry"],"yoast_head":"<!-- This site is optimized with the Yoast SEO plugin v25.1 - https:\/\/yoast.com\/wordpress\/plugins\/seo\/ -->\n<title>Gry cRPG - Recenzje Gier - o grach | poGrywamy<\/title>\n<meta name=\"description\" content=\"Gry cRPG (computer role-playing games) to komputerowe adaptacje klasycznych gier fabularnych (RPG), kt\u00f3re skupiaj\u0105 si\u0119 na narracji\" \/>\n<meta name=\"robots\" content=\"index, follow, max-snippet:-1, max-image-preview:large, max-video-preview:-1\" \/>\n<link rel=\"canonical\" href=\"https:\/\/pogrywamy.com\/index.php\/gry-crpg\/\" \/>\n<meta property=\"og:locale\" content=\"pl_PL\" \/>\n<meta property=\"og:type\" content=\"article\" \/>\n<meta property=\"og:title\" content=\"Gry cRPG - Recenzje Gier - o grach | poGrywamy\" \/>\n<meta property=\"og:description\" content=\"Gry cRPG (computer role-playing games) to komputerowe adaptacje klasycznych gier fabularnych (RPG), kt\u00f3re skupiaj\u0105 si\u0119 na narracji\" \/>\n<meta property=\"og:url\" content=\"https:\/\/pogrywamy.com\/index.php\/gry-crpg\/\" \/>\n<meta property=\"og:site_name\" content=\"Recenzje Gier - o grach | poGrywamy\" \/>\n<meta property=\"article:modified_time\" content=\"2025-06-05T20:47:05+00:00\" \/>\n<meta property=\"og:image\" content=\"https:\/\/pogrywamy.com\/wp-content\/uploads\/2025\/05\/Gothic-2.jpg.webp\" \/>\n\t<meta property=\"og:image:width\" content=\"1280\" \/>\n\t<meta property=\"og:image:height\" content=\"714\" \/>\n\t<meta property=\"og:image:type\" content=\"image\/webp\" \/>\n<meta name=\"twitter:card\" content=\"summary_large_image\" \/>\n<meta name=\"twitter:label1\" content=\"Szacowany czas czytania\" \/>\n\t<meta name=\"twitter:data1\" content=\"1 minuta\" \/>\n<script type=\"application\/ld+json\" class=\"yoast-schema-graph\">{\"@context\":\"https:\/\/schema.org\",\"@graph\":[{\"@type\":\"WebPage\",\"@id\":\"https:\/\/pogrywamy.com\/index.php\/gry-crpg\/\",\"url\":\"https:\/\/pogrywamy.com\/index.php\/gry-crpg\/\",\"name\":\"Gry cRPG - Recenzje Gier - o grach | poGrywamy\",\"isPartOf\":{\"@id\":\"https:\/\/pogrywamy.com\/#website\"},\"primaryImageOfPage\":{\"@id\":\"https:\/\/pogrywamy.com\/index.php\/gry-crpg\/#primaryimage\"},\"image\":{\"@id\":\"https:\/\/pogrywamy.com\/index.php\/gry-crpg\/#primaryimage\"},\"thumbnailUrl\":\"https:\/\/pogrywamy.com\/wp-content\/uploads\/2025\/05\/Gothic-2.jpg-1024x571.webp\",\"datePublished\":\"2025-05-29T22:31:44+00:00\",\"dateModified\":\"2025-06-05T20:47:05+00:00\",\"description\":\"Gry cRPG (computer role-playing games) to komputerowe adaptacje klasycznych gier fabularnych (RPG), kt\u00f3re skupiaj\u0105 si\u0119 na narracji\",\"breadcrumb\":{\"@id\":\"https:\/\/pogrywamy.com\/index.php\/gry-crpg\/#breadcrumb\"},\"inLanguage\":\"pl-PL\",\"potentialAction\":[{\"@type\":\"ReadAction\",\"target\":[\"https:\/\/pogrywamy.com\/index.php\/gry-crpg\/\"]}]},{\"@type\":\"ImageObject\",\"inLanguage\":\"pl-PL\",\"@id\":\"https:\/\/pogrywamy.com\/index.php\/gry-crpg\/#primaryimage\",\"url\":\"https:\/\/pogrywamy.com\/wp-content\/uploads\/2025\/05\/Gothic-2.jpg.webp\",\"contentUrl\":\"https:\/\/pogrywamy.com\/wp-content\/uploads\/2025\/05\/Gothic-2.jpg.webp\",\"width\":1280,\"height\":714},{\"@type\":\"BreadcrumbList\",\"@id\":\"https:\/\/pogrywamy.com\/index.php\/gry-crpg\/#breadcrumb\",\"itemListElement\":[{\"@type\":\"ListItem\",\"position\":1,\"name\":\"Strona g\u0142\u00f3wna\",\"item\":\"https:\/\/pogrywamy.com\/\"},{\"@type\":\"ListItem\",\"position\":2,\"name\":\"Gry cRPG\"}]},{\"@type\":\"WebSite\",\"@id\":\"https:\/\/pogrywamy.com\/#website\",\"url\":\"https:\/\/pogrywamy.com\/\",\"name\":\"Recenzje Gier - o grach | poGrywamy\",\"description\":\"\",\"publisher\":{\"@id\":\"https:\/\/pogrywamy.com\/#organization\"},\"potentialAction\":[{\"@type\":\"SearchAction\",\"target\":{\"@type\":\"EntryPoint\",\"urlTemplate\":\"https:\/\/pogrywamy.com\/?s={search_term_string}\"},\"query-input\":{\"@type\":\"PropertyValueSpecification\",\"valueRequired\":true,\"valueName\":\"search_term_string\"}}],\"inLanguage\":\"pl-PL\"},{\"@type\":\"Organization\",\"@id\":\"https:\/\/pogrywamy.com\/#organization\",\"name\":\"Recenzje Gier - o grach | poGrywamy\",\"url\":\"https:\/\/pogrywamy.com\/\",\"logo\":{\"@type\":\"ImageObject\",\"inLanguage\":\"pl-PL\",\"@id\":\"https:\/\/pogrywamy.com\/#\/schema\/logo\/image\/\",\"url\":\"https:\/\/pogrywamy.com\/wp-content\/uploads\/2025\/05\/cropped-pogrywamy-logo.png\",\"contentUrl\":\"https:\/\/pogrywamy.com\/wp-content\/uploads\/2025\/05\/cropped-pogrywamy-logo.png\",\"width\":1069,\"height\":250,\"caption\":\"Recenzje Gier - o grach | poGrywamy\"},\"image\":{\"@id\":\"https:\/\/pogrywamy.com\/#\/schema\/logo\/image\/\"}}]}<\/script>\n<!-- \/ Yoast SEO plugin. -->","yoast_head_json":{"title":"Gry cRPG - Recenzje Gier - o grach | poGrywamy","description":"Gry cRPG (computer role-playing games) to komputerowe adaptacje klasycznych gier fabularnych (RPG), kt\u00f3re skupiaj\u0105 si\u0119 na narracji","robots":{"index":"index","follow":"follow","max-snippet":"max-snippet:-1","max-image-preview":"max-image-preview:large","max-video-preview":"max-video-preview:-1"},"canonical":"https:\/\/pogrywamy.com\/index.php\/gry-crpg\/","og_locale":"pl_PL","og_type":"article","og_title":"Gry cRPG - Recenzje Gier - o grach | poGrywamy","og_description":"Gry cRPG (computer role-playing games) to komputerowe adaptacje klasycznych gier fabularnych (RPG), kt\u00f3re skupiaj\u0105 si\u0119 na narracji","og_url":"https:\/\/pogrywamy.com\/index.php\/gry-crpg\/","og_site_name":"Recenzje Gier - o grach | poGrywamy","article_modified_time":"2025-06-05T20:47:05+00:00","og_image":[{"width":1280,"height":714,"url":"https:\/\/pogrywamy.com\/wp-content\/uploads\/2025\/05\/Gothic-2.jpg.webp","type":"image\/webp"}],"twitter_card":"summary_large_image","twitter_misc":{"Szacowany czas czytania":"1 minuta"},"schema":{"@context":"https:\/\/schema.org","@graph":[{"@type":"WebPage","@id":"https:\/\/pogrywamy.com\/index.php\/gry-crpg\/","url":"https:\/\/pogrywamy.com\/index.php\/gry-crpg\/","name":"Gry cRPG - Recenzje Gier - o grach | poGrywamy","isPartOf":{"@id":"https:\/\/pogrywamy.com\/#website"},"primaryImageOfPage":{"@id":"https:\/\/pogrywamy.com\/index.php\/gry-crpg\/#primaryimage"},"image":{"@id":"https:\/\/pogrywamy.com\/index.php\/gry-crpg\/#primaryimage"},"thumbnailUrl":"https:\/\/pogrywamy.com\/wp-content\/uploads\/2025\/05\/Gothic-2.jpg-1024x571.webp","datePublished":"2025-05-29T22:31:44+00:00","dateModified":"2025-06-05T20:47:05+00:00","description":"Gry cRPG (computer role-playing games) to komputerowe adaptacje klasycznych gier fabularnych (RPG), kt\u00f3re skupiaj\u0105 si\u0119 na narracji","breadcrumb":{"@id":"https:\/\/pogrywamy.com\/index.php\/gry-crpg\/#breadcrumb"},"inLanguage":"pl-PL","potentialAction":[{"@type":"ReadAction","target":["https:\/\/pogrywamy.com\/index.php\/gry-crpg\/"]}]},{"@type":"ImageObject","inLanguage":"pl-PL","@id":"https:\/\/pogrywamy.com\/index.php\/gry-crpg\/#primaryimage","url":"https:\/\/pogrywamy.com\/wp-content\/uploads\/2025\/05\/Gothic-2.jpg.webp","contentUrl":"https:\/\/pogrywamy.com\/wp-content\/uploads\/2025\/05\/Gothic-2.jpg.webp","width":1280,"height":714},{"@type":"BreadcrumbList","@id":"https:\/\/pogrywamy.com\/index.php\/gry-crpg\/#breadcrumb","itemListElement":[{"@type":"ListItem","position":1,"name":"Strona g\u0142\u00f3wna","item":"https:\/\/pogrywamy.com\/"},{"@type":"ListItem","position":2,"name":"Gry cRPG"}]},{"@type":"WebSite","@id":"https:\/\/pogrywamy.com\/#website","url":"https:\/\/pogrywamy.com\/","name":"Recenzje Gier - o grach | poGrywamy","description":"","publisher":{"@id":"https:\/\/pogrywamy.com\/#organization"},"potentialAction":[{"@type":"SearchAction","target":{"@type":"EntryPoint","urlTemplate":"https:\/\/pogrywamy.com\/?s={search_term_string}"},"query-input":{"@type":"PropertyValueSpecification","valueRequired":true,"valueName":"search_term_string"}}],"inLanguage":"pl-PL"},{"@type":"Organization","@id":"https:\/\/pogrywamy.com\/#organization","name":"Recenzje Gier - o grach | poGrywamy","url":"https:\/\/pogrywamy.com\/","logo":{"@type":"ImageObject","inLanguage":"pl-PL","@id":"https:\/\/pogrywamy.com\/#\/schema\/logo\/image\/","url":"https:\/\/pogrywamy.com\/wp-content\/uploads\/2025\/05\/cropped-pogrywamy-logo.png","contentUrl":"https:\/\/pogrywamy.com\/wp-content\/uploads\/2025\/05\/cropped-pogrywamy-logo.png","width":1069,"height":250,"caption":"Recenzje Gier - o grach | poGrywamy"},"image":{"@id":"https:\/\/pogrywamy.com\/#\/schema\/logo\/image\/"}}]}},"_links":{"self":[{"href":"https:\/\/pogrywamy.com\/index.php\/wp-json\/wp\/v2\/pages\/98","targetHints":{"allow":["GET"]}}],"collection":[{"href":"https:\/\/pogrywamy.com\/index.php\/wp-json\/wp\/v2\/pages"}],"about":[{"href":"https:\/\/pogrywamy.com\/index.php\/wp-json\/wp\/v2\/types\/page"}],"author":[{"embeddable":true,"href":"https:\/\/pogrywamy.com\/index.php\/wp-json\/wp\/v2\/users\/2"}],"replies":[{"embeddable":true,"href":"https:\/\/pogrywamy.com\/index.php\/wp-json\/wp\/v2\/comments?post=98"}],"version-history":[{"count":3,"href":"https:\/\/pogrywamy.com\/index.php\/wp-json\/wp\/v2\/pages\/98\/revisions"}],"predecessor-version":[{"id":129,"href":"https:\/\/pogrywamy.com\/index.php\/wp-json\/wp\/v2\/pages\/98\/revisions\/129"}],"wp:attachment":[{"href":"https:\/\/pogrywamy.com\/index.php\/wp-json\/wp\/v2\/media?parent=98"}],"curies":[{"name":"wp","href":"https:\/\/api.w.org\/{rel}","templated":true}]}}